*3 + 4*f**3 - 2*f**3 + 4*f**2 + 4*f - 5. What is c(5)?
-10
Suppose 2 - 18 = -4*b, 4*b - 13 = 3*a. Let x(v) = -11*v + 1. Give x(a).
-10
Let c(d) = 5*d**2 - 11*d + 8. Let t(q) = -11*q**2 + 23*q - 17. Let j(o) = 9*c(o) + 4*t(o). Calculate j(6).
-2
Let t(j) = 3 - j**3 - 3 - 2. Suppose 2*u = -u + 12. Suppose -u*h = -5*h. Calculate t(h).
-2
Let j(u) = 3*u + 29. Let n(r) = -2*r - 19. Let x(w) = -5*j(w) - 8*n(w). Determine x(-7).
0
Let f(w) = -2*w + 6. Suppose -8*r = 3*r - 66. Calculate f(r).
-6
Suppose 8 = 3*h - 4. Suppose -2 = -a, -h*u - a = -5*u + 27. Suppose 3*b + 4*f = 0, -5*b + f = -2*f + u. Let n(l) = l - 2. Calculate n(b).
-6
Let y(x) = 4*x. Let u(z) = -2*z - 9. Let f be u(-6). Suppose -4*g = -f*m - 2, -2*m + 5*g = m + 4. Give y(m).
8
Let z(g) = -g - 10. Let w be z(-8). Let n be (w/(-6))/((-3)/(-36)). Let x(f) = -f**2 + 8*f - 4. What is x(n)?
12
Let j(z) = 2*z**2 - 3*z + 3. Let u(y) = -y**2 + 2*y - 2. Let p(a) = 6*j(a) + 11*u(a). Give p(-4).
-4
Let l(i) be the third derivative of i**4/8 - i**3 - 18*i**2. Give l(-5).
-21
Suppose 3*d = 8*d. Let n(j) = 1 + j + d*j + 0*j. Let p be 21/4 + (-2)/8. Determine n(p).
6
Let c(k) be the second derivative of k**4/12 + 7*k**3/6 + k**2 - k. Let p be (-1 - -3*25/30)*-4. Give c(p).
-4
Suppose 5*l = -6 + 1. Let q(r) = 3*r - 6. Let g(w) = -w. Let v(x) = l*q(x) - 5*g(x). Give v(-5).
-4
Let c(w) = -w**3 + 5*w**2 - 5*w - 1. Let p be c(4). Let j(q) = q**2 + 7*q + 7. Let g(v) = 1. Let h(n) = 3*g(n) - j(n). Determine h(p).
6
Let o(u) = -7*u + 19*u - 6*u. Determine o(-1).
-6
Let m(z) = 3*z**2 + 13*z - 10. Let v(q) = 4*q**2 + 19*q - 15. Let b(t) = -7*m(t) + 5*v(t). Calculate b(4).
-5
Let j(u) = -u**3 + 7*u**2 - 6*u + 1. Suppose d = -4*d + 30. What is j(d)?
1
Let m(c) = 12 + 4 - 5*c - 1. Let z(t) = 3*t - 8. Suppose -21 = 3*o - 0*o. Let n(u) = o*z(u) - 4*m(u). Give n(-4).
0
Let v = -14 - -29. Let p = v - 9. Let l = -6 + p. Let w(c) = -c**3 + 9. Calculate w(l).
9
Let k(a) = -7*a**2 + 9*a + 3. Let i(t) = -3*t**2 + 5*t + 1. Let h(c) = -5*i(c) + 2*k(c). Suppose u + 31 = 4*o - 2*u, 25 = -5*u. Give h(o).
-11
Let v be (2/4)/(1/22). Let b = v + -15. Let j = -8 - b. Let x(d) = d**2 + 2*d - 2. Calculate x(j).
6
Let b(w) = -6*w**2 - 1. Suppose 29 - 4 = 5*q. Let m(k) = k**3 - 6*k**2 + 6*k - 6. Let u be m(q). What is b(u)?
-7
Let v(w) = 2*w + 1. Let h be v(-3). Let d = 8 + h. Let x(i) = -3 - 2*i**2 + 3*i + i**2 + 0*i**2. Determine x(d).
-3
Let o(m) = -3*m**2 - 8*m - 5. Let c(w) = -2*w**2 - 7*w - 4. Let r(q) = 5*c(q) - 4*o(q). Determine r(3).
9
Let r = -6 + 1. Let f(k) = -k**2 - k + 1. Let l(g) = g**3 + 7*g**2 - 7. Let a(y) = -2*f(y) - l(y). What is a(r)?
-5
Let m(l) = l + 3. Let h be -3 + 11 + 0 + 1. Suppose 4*r + h + 15 = 0. What is m(r)?
-3
Let o = 24 + -13. Let b(w) = w + 2*w + 0*w - o*w. Determine b(-1).
8
Let f be (-2)/5 - 3/5. Let d be 4 - (-2)/f*1. Let a(z) = 4 + 3*z - 3 + 0*z. Determine a(d).
7
Let v(p) = -2*p - 5. Let s(k) = -k**3 - 6*k**2 - 2*k - 8. Let a be s(-6). Suppose x + a*x = -30. Determine v(x).
7
Let x(a) = -a - 6. Let l be (3/18*14)/((-2)/6). What is x(l)?
1
Let h be 3/(-7) - (-6 + 426/84). Let d(w) be the second derivative of 5/6*w**3 + w - h*w**2 + 0 - 1/12*w**4. Calculate d(5).
-1
Let g(j) = -2*j + 2. Let w(m) = -6*m + 5. Let b be (19 - 0) + 0 + -2. Let z(x) = b*g(x) - 6*w(x). Determine z(-5).
-6
Let g(z) = 7*z - 8. Let n(h) = -3*h + 4. Let b(c) = -2*g(c) - 5*n(c). Let t be b(5). Let l(d) = -d**3 + 1. What is l(t)?
0
Let n(m) = -2*m + 6*m**3 + 4*m - 3*m. Let x be n(-1). Let c(u) = 9*u - 5 + u - 6*u - 4*u**2 - u**3. Determine c(x).
0
Let k(w) = w - 8. Let g be ((-2)/4*0)/((-4)/4). Give k(g).
-8
Let s(w) be the third derivative of w**4/24 - 5*w**3/6 + 17*w**2. Suppose 0 = 4*r - 3*r. Give s(r).
-5
Let d(b) = -3*b**2 - 2*b**2 + b - 5*b**2. Give d(-1).
-11
Let o(r) = r**3 - 2*r**2 + 3*r. Let v = -3 + 2. Suppose 5*w - 15 = -0*w. Let l be 1/(w/(-6) - v). What is o(l)?
6
Let o(l) be the second derivative of l**4/4 - l**2 - 3*l. Suppose 3*t = 0, -x + 4*x - t + 6 = 0. Determine o(x).
10
Suppose 4 = 4*m - 2*v, 2 = -5*m + 2*v + 8. Let t(h) = 2*h - 3. Give t(m).
1
Let k(c) = 120*c + 4 - 3*c**2 - 123*c - 2*c**2 - c**3 + 0. Determine k(-4).
0
Suppose -w + 1 = -1. Let s(l) = -2*l**3 + 3*l**2 - l. What is s(w)?
-6
Let h(z) be the third derivative of 0*z - 1/30*z**6 - z**2 + 0*z**5 + 0*z**3 + 1/24*z**4 + 0. Suppose 2*x - 5*c = -13, -5*c + 23 = 8. What is h(x)?
-3
Let j(y) be the third derivative of -y**4/12 - y**3/3 - 6*y**2. Calculate j(-5).
8
Let x(t) = t**2 - 5*t - 3. Let z be x(6). Let r(f) be the second derivative of f**4/12 - f**3/3 + f**2 + 13*f - 1. Determine r(z).
5
Suppose -d + 24 = 5*u, 2*d - 4 = 6*d - 5*u. Let i(x) = x**3 - 3*x**2 + 3*x. What is i(d)?
28
Let i(k) = -3*k**3 + 2*k + 1. Let a = 11 + -12. Calculate i(a).
2
Let y(c) = 7*c + 10. Let v(a) be the second derivative of -11*a**3/6 - 15*a**2/2 + a. Let i(n) = -5*v(n) - 8*y(n). Calculate i(-6).
1
Let p = -3 + 0. Let o(c) = -6*c**3 - 8*c**2 - c - 2. Let m(z) = -7*z**3 - 9*z**2 - z - 2. Let l(v) = -5*m(v) + 6*o(v). Give l(p).
1
Let m be -1 - -1 - 2 - -2. Suppose 2*u + 3*u - 25 = m. Let r be u/(15/6) - -1. Let f(o) = 2*o - 3. What is f(r)?
3
Suppose 2*c = k - 2*k, -c = -k + 6. Let d(t) = k + 1 - 7*t + 2*t + 3*t. What is d(4)?
-3
Suppose -3 = z - 5. Let n(c) = 3*c + 2*c**3 - c**3 + 7 - c**z + 6*c**2. Let s(h) = h + 2. Let l be s(-7). Calculate n(l).
-8
Suppose -3*n - 18 = 2*p, 3*p - 2*n - 2*n - 7 = 0. Let m(l) = -l**3 - 5*l**2 - 5*l - 3. Calculate m(p).
-6
Suppose 4*p = -2*s + 28, p - 9 - 4 = -s. Let h(q) = -s + 2*q + 6 - 3*q. Determine h(-6).
0
Let j(s) be the first derivative of s**4 - s**3/3 - 2. Determine j(-1).
-5
Let t(n) = -n**2 - 5*n + 3. Let o be t(-4). Let h(x) = x**3 - 6*x**2 - 6*x - 5. Let r be h(o). Let c(l) = -l**3 + 4*l**2 - l + 1. Calculate c(r).
7
Let q(g) be the third derivative of -g**7/280 - g**6/360 - g**5/60 - g**4/24 - g**3 - 3*g**2. Let j(o) be the first derivative of q(o). Determine j(-1).
3
Let b(z) = z**3 - 2*z**2 - 2*z + 3. Let r be b(2). Let d(n) = n - 2 + 2. Determine d(r).
-1
Let t(o) = o**3 - 8*o**2 - o + 9. Let c(m) = -2*m + 8. Let j be c(0). What is t(j)?
1
Let c = -3 - -7. Suppose 3*r + 7 = -c*a - 1, -23 = -2*r + 3*a. Suppose -r*v - j - 24 = 0, -5*v + 0*j - 30 = -2*j. Let f(p) = p**2 + 7*p + 6. Calculate f(v).
0
Let k be 5/((1 - 2)*-1). Let b be (1 - 1) + (-1)/1. Let h = k + b. Let f(n) = n**3 - 3*n**2 - 3*n - 2. Determine f(h).
2
Let z(r) = -15*r + 1 + 16*r + 4*r - r**2. Let i be (-24)/28*(-7 + 0). Give z(i).
-5
Suppose -5*g = -1 - 4. Suppose 0 = -3*h + 6 - 54. Let m(w) = 4*w + 3. Let q(r) = 20*r + 16. Let i(n) = h*m(n) + 3*q(n). Give i(g).
-4
Let u(d) = 3*d - 1. Suppose -5*g + 17 = -2*l, 0*l + 5*l + 4*g - 40 = 0. What is u(l)?
11
Let f(t) = 5*t - 3. Let b(v) = -11*v + 7. Let z(m) = 2*b(m) + 5*f(m). Suppose 14*g - 17*g = 6. What is z(g)?
-7
Let l(d) be the first derivative of d**6/360 + d**4/8 + 7*d**3/3 + 4. Let p(s) be the third derivative of l(s). What is p(3)?
12
Let t(i) be the second derivative of i**8/3360 + i**7/1260 - i**6/720 + i**5/60 - i**4/12 - 2*i. Let w(y) be the third derivative of t(y). Give w(-2).
-4
Let r = -12 + 14. Suppose 0 = z + 1 - 3. Let l(t) = -5 + 5 + r*t**z. Give l(-1).
2
Let s(k) = k**2 - 5*k + 2. Let d(y) = -1. Let u(o) = -6*d(o) - s(o). What is u(5)?
4
Let t(s) = 2*s + 5. Let w(o) = o + 3*o - 3*o. Let u(r) = r**2 - 9*r + 5. Let j be u(8). Let b(v) = j*w(v) + t(v). Determine b(5).
0
Let z(j) = 5*j. Let u be (10*-1 - 2)*1. Let b = -11 - u. Calculate z(b).
5
Let y(m) = m**2 - 1 - m**3 + 4*m**2 + 0*m**2 - 3*m. Let j = 17 - 15. Suppose l - 4*a = -13, -l + 5*l + j*a = 20. What is y(l)?
8
Let b(a) = -a**3 - 1 + 4*a**2 + 0*a**3 + 3*a + 2*a**3. Suppose 2*g + 2*g = -r - 11, -r - 11 = -g. Let d = r - -8. Determine b(d).
-1
Let g = -19 + 11. Let h = g + 6. Let o(q) = -2*q - 14. Let v(b) = b + 9. Let f(p) = 5*o(p) + 8*v(p). Determine f(h).
6
Let q(b) be the third derivative of 1/120*b**6 + 0 + 0*b + 1/4*b**4 - 6*b**2 + 1/3*b**3 - 1/10*b**5. Give q(5).
7
Let v = 3 - 1. Suppose -6 = -v*p + 7*p + 2*l, p + 5*l = 8. Let q(y) be the first derivative of -2*y**3/3 - y**2 - 2*y - 15. Determine q(p).
-6
Let c = 2041/582 + -2/291. Let f(x) be the first derivative of -c*x**2 + 2 - 1/3*x**3 - 3*x. What is f(-5)?
7
Let u(g)